*w/(-2)?
1
Let t(u) = -14*u + 4. Let a be t(-4). Let b = a + -38. What is the units digit of b?
2
Suppose -2*l - 3*l = -10. Suppose -3*t = -l - 13. What is the units digit of t?
5
Suppose -9 = r - 2*a + a, 5*r = -5*a - 65. Let y = 14 + r. Suppose 0*u = -y*u + 18. What is the units digit of u?
6
Let m = 28 - -7. What is the units digit of m?
5
Let r(d) = -71*d - 10. What is the hundreds digit of r(-2)?
1
Let s = -133 + 196. What is the tens digit of s?
6
Let x(m) = m - 1. Let r be 3 - -4*(-1)/(-2). What is the units digit of x(r)?
4
What is the hundreds digit of 1 + -6 - (-113 - -7)?
1
Suppose 235 = 2*z + 3*z - 5*h, 213 = 4*z + h. What is the tens digit of z?
5
Let m = 97 - 38. Suppose 112 = 2*w - h, -w = h - 0*h - m. Suppose 3*r = -6 + w. What is the units digit of r?
7
Let n(k) = k. Let w(i) = -i**2 + 13*i - 10. Let r(s) = -3*n(s) + w(s). Let f be r(8). What is the units digit of -21*-3*f/27?
4
Let u be 1*2 + (-5 - 7). Let p = 8 - u. What is the tens digit of p?
1
Let s = 3 - -7. Let h = -2 + s. Suppose -b + 3*u - h = 0, -5*b + 0*u = 4*u - 55. What is the units digit of b?
7
Suppose 304 = 4*k + 40. What is the units digit of k?
6
Let f(z) = 4*z**2 - z - 5*z**2 - 5*z. Let x be f(-6). Suppose x = 5*v + 4 - 34. What is the units digit of v?
6
Let z(f) = -f**2 - 3*f - 2. Let i be z(-2). Suppose -3*h + 6 = 0, -m - h - 4*h + 11 = i. What is the units digit of m?
1
What is the units digit of 3/12 - 657/(-12)?
5
Let c(u) = u**2 + 6*u - 3. Suppose 3*a - 6*a - 18 = 0. Let b be c(a). Let n = 2 - b. What is the units digit of n?
5
Let b(i) = -i**2 + 22*i - 41. What is the tens digit of b(12)?
7
Let z = 39 - 23. Let b be (-9)/(-3)*(-21)/(-9). Let k = z - b. What is the units digit of k?
9
Let j = 4 - 1. Let w be (-29)/j - 2/6. What is the units digit of w/(-4) - 4/8?
2
Suppose -3*k + 92 = 4*n - 40, 0 = 4*k - 5*n - 145. What is the tens digit of k?
4
Let q = 3 - 2. What is the tens digit of (-13)/(2 + -2 - q)?
1
Suppose -6*r + 2*r - 124 = 0. Let j = -18 - r. Suppose -s + 2*y = 1, -s - y - 4*y = -j. What is the units digit of s?
3
Let t(m) = -9 + 7*m + 3 - 11*m. What is the units digit of t(-10)?
4
Let d be 4/6*6/4. Let k be d/(((-15)/(-6))/5). What is the units digit of (2/k*-1)/(-1)?
1
Suppose -5*a - 2*u = -261, 5*a + 5*u - 415 + 160 = 0. Suppose -17 + a = 4*g. What is the units digit of g?
9
Let j(q) = -7*q**3 + q**2 - q - 1. Suppose 5 = -3*m + 11. Suppose 5*s + m = -3. What is the units digit of j(s)?
8
Let g = 16 + -7. What is the tens digit of (3/g)/((-2)/(-66))?
1
Suppose 0 = -4*x - 8, -2*g + x = -4*g + 312. What is the units digit of g?
7
Let z = 7 - 2. Let r(g) be the first derivative of g**4/4 - 2*g**3 + 2*g**2 + 7*g - 1. What is the units digit of r(z)?
2
Let r(m) = m**3 - 5*m**2 + m - 6. Let k = 7 + -2. Let n be r(k). What is the units digit of (-1)/2*(n - 1)?
1
Suppose 0*v = -4*v + 228. What is the tens digit of v?
5
Let i = -59 + 114. What is the units digit of i?
5
Let w(l) = -l**2 + 4*l + 7. Let n be w(5). Suppose 0 = n*a - j - 24, 5*a - 29 - 37 = 4*j. Suppose 3*o = 12, 0 = 3*b - 0*o + o - a. What is the units digit of b?
2
Suppose p - 3 = 2*p. Let f = p + 4. Let y = 8 - f. What is the units digit of y?
7
Let w be (-1 - -2)/(0 + 1). Let c(q) = 32*q**3 + q**2 + 2*q - 2. What is the units digit of c(w)?
3
Suppose 90 = 3*o - n - 77, 0 = -o - 2*n + 65. Suppose 5*m - o = 38. What is the tens digit of m?
1
Let v(g) = -301*g**3 - 3*g**2 + 2. What is the hundreds digit of v(-1)?
3
Let f(y) = -y**3 + 9*y**2 + 11*y - 3. Let u be f(10). Let a = 6 + u. What is the units digit of a?
3
Suppose 5*f = -2*l - 4 - 3, -5*f = 5*l - 5. What is the units digit of l/6*78/4?
3
Let o = 188 + -128. Let z = -33 + o. What is the tens digit of z?
2
Let u(o) = o - 30. Let i be u(16). What is the units digit of 23 + -1 - (14 + i)?
2
Let f be 70/21 - 4/(-6). Let y(o) = -o**2 + 7*o - 2. What is the units digit of y(f)?
0
Suppose -2*g - 104 = -4*g. What is the tens digit of g?
5
Suppose t + 3*t - 136 = 0. Let u = t + -7. What is the tens digit of u?
2
Suppose h + 0*f + 24 = f, -h + 2*f - 27 = 0. Let p = -9 - h. What is the units digit of p?
2
Let u = 16 - -7. What is the units digit of u?
3
Let j = -5 + -5. Let h = j + 16. What is the units digit of h?
6
Suppose 0 = -q + 4*z - 17, -14 = -q + 5*z - 36. Suppose 0 = -q*m - 5*x + 3, 2*m = -x + 2*x + 15. Let w = m + -3. What is the units digit of w?
3
Let n(j) = j**2 + 4*j + 13. What is the tens digit of n(11)?
7
Let i(l) = -l**2 - 3*l + 1. Let z be i(-2). Suppose -32 = -2*s + 5*n, 4*s - z*n + 5 = 5*s. What is the tens digit of s?
1
Suppose 156 = -0*u + u. What is the units digit of u?
6
Let d(i) = -i. Let z be d(-3). Let u = -1 + z. Suppose -3*y + 2*b + 25 = -u*b, 3*y + 3*b - 18 = 0. What is the units digit of y?
7
Let i = -15 + 20. What is the units digit of i?
5
Let r be (9/(-2))/((-6)/(-12)). Let u(b) = -b**3 - 9*b**2 - 10*b - 8. Let w be u(r). Suppose -a = a - 10, 4*l + 2*a = w. What is the tens digit of l?
1
Let q(l) = -3*l**2 + 3*l + 1. Let b be q(-2). Let w = -9 - b. What is the units digit of w?
8
Let u(w) = w**3 - 3*w**2 + 2*w - 2. Let r(m) = m - 2. Let v be r(5). What is the units digit of u(v)?
4
What is the units digit of (-2)/(4*3/(-126))?
1
What is the units digit of -2 + 1 - 12/(-2)?
5
Let i(z) = -3*z**3 + 7*z**2 + 7*z - 38. Let b = 6 - 9. Let h(p) = 2*p**3 - 4*p**2 - 4*p + 19. Let j(d) = b*i(d) - 5*h(d). What is the units digit of j(0)?
9
Suppose -17 = -4*z + 3. Let c be 5*(2 + (z - 3)). Suppose -c = r - 6*r, -u + 16 = 3*r. What is the units digit of u?
4
Let p(q) = -q**2 + 14*q - 16. Suppose -3*x + 4*x - 12 = 0. What is the units digit of p(x)?
8
Let g = 32 - 23. Suppose l - c + g = 0, -c = -l - 5*c - 9. What is the units digit of l/(2 - 1 - 2)?
9
Let c = -9 - -14. Suppose -2*y = -5*n + 1, c*y - 6 = 2*y. What is the units digit of n?
1
Let x be 66/12 - (-1)/(-2). Let g = -6 + x. What is the units digit of ((-10)/8)/(g/4)?
5
Let c(i) = -3*i - 3. Suppose -4 = -3*j - 10. Let w be c(j). What is the units digit of 39/9 + 2/w?
5
What is the units digit of (-14)/((-60)/(-16) + -4)?
6
Let k(u) = 2*u + 34. What is the units digit of k(-10)?
4
Let q be (-3 - -2) + 4/(-4). Suppose 2*w - 3 + 11 = m, -m - 27 = 5*w. What is the units digit of (w - q)*8/(-3)?
8
Let s(d) = -d + 1. Let a = 34 - 9. Suppose 4*b + a = 9. What is the units digit of s(b)?
5
Suppose -539 = -2*j - 5*v, 3*j + v + v = 792. What is the units digit of j?
2
Let u = -168 - -248. What is the units digit of u?
0
Suppose -3*l + 3 = -2*l. Suppose 0 = -l*u + 3. What is the units digit of u?
1
Let r = -3 - -5. Suppose -2*i - 2*c = -10, 5*i - 4*c + r*c + 3 = 0. What is the units digit of 2 - i/2*2?
1
Let c(a) = a**3 - 2*a**2 - 2*a + 1. Let j be c(3). Suppose t - 4 = 0, j*v - t - 44 = -0*v. What is the tens digit of v?
1
Suppose 1 = 5*i - 9. Suppose 17 = -i*z - 5. Let v = -7 - z. What is the units digit of v?
4
Let f(o) = 25*o. What is the tens digit of f(1)?
2
Let f(v) be the first derivative of v**2 + 5*v + 1. What is the units digit of f(4)?
3
Let a(k) = 4*k**2 - 10*k + 3. What is the tens digit of a(4)?
2
Let q(l) = -30*l - 4. Let o be q(-2). Suppose -o + 144 = 4*w. What is the units digit of w?
2
Suppose -2*g + l = g - 11, -5*g + 5*l = -35. What is the units digit of (-27)/(-12) + g/(-8)?
2
Suppose -b - 4*b = 15. Suppose -16 = -5*m + 9. Let x = b + m. What is the units digit of x?
2
Let z = 140 + -200. What is the tens digit of 2/(-2 - z/29)?
2
What is the units digit of 1/(-3) + (-178)/(-3)?
9
Suppose 0 = 5*j + 4*p - 10 + 67, 5*p = -j - 24. Let h = 1 - 5. Let u = h - j. What is the units digit of u?
5
Let j(y) = -y**3 + 4*y**2 + 2. Let a be j(2). Suppose 0 = -4*p - p - a. What is the units digit of p/(-10) + 27/15?
2
Let v(r) = -2*r + 7. Let u(p) = p**2 + 3*p + 3. Let k be u(-4). Let m be v(k). Let o = m + 8. What is the units digit of o?
1
Let u(j) = j**2 - 8*j - 1. Let b be u(9). What is the tens digit of (-24)/9*(-30)/b?
1
Let a(j) = 1. Let x(n) = -3*n + 1. Let k(c) = a(c) - x(c). Let f be k(4). Suppose 0*r + 3*r = f. What is the units digit of r?
4
Let g be (4 + -4)/(1/1). Let h = g - 5. Let j = h + 8. What is the units digit of j?
3
Let o(h) = -h + 96. Let m be o(0). Suppose -4*p = 40 - m. What is the units digit of p?
4
Let i = 28 - 55. Let v = 12 +